{"id":75,"date":"2018-02-08T23:24:25","date_gmt":"2018-02-08T23:24:25","guid":{"rendered":"http:\/\/192.168.56.102\/?page_id=75"},"modified":"2020-02-07T12:46:46","modified_gmt":"2020-02-07T12:46:46","slug":"faqs","status":"publish","type":"page","link":"https:\/\/www.werbefreund24.de\/index.php\/faqs\/","title":{"rendered":"FAQ"},"content":{"rendered":"<p><span style=\"color: #265065;\"><strong>Wieso werden nicht alle Artikel Ihres Angebotes auf ihrer Homepage abgebildet?<\/strong><\/span><\/p>\n<p>Um den ganzen Shop aktuell und \u00fcbersichtlich zu gestalten, haben wir uns entschlossen, nicht jeden Artikel darzustellen. Nat\u00fcrlich informieren wir Sie gerne pers\u00f6nlich \u00fcber unsere vielf\u00e4ltigen M\u00f6glichkeiten, Sie individuell mit Werbeartikeln zu beliefern.<\/p>\n<p>Rufen Sie uns an! Unserer kostenlose\u00a0<span style=\"color: #265065;\"><strong>Hotline:\u00a0 08000 \/ 22 55 236<\/strong><\/span>. Oder schreiben Sie uns eine\u00a0<a href=\"https:\/\/www.werbefreund24.de\/index.php\/kontaktformular\/\">E-Mail.<\/a><\/p>\n<p><span style=\"color: #265065;\"><strong>Sind die Artikel lieferbar?<\/strong><\/span><br \/>\nPrinzipiell sind alle hier auf unserer Homepage angebotenen Artikel lieferbar.<\/p>\n<p><span style=\"color: #265065;\"><strong>Kann man Muster bestellen?\u00a0<\/strong><\/span><br \/>\nJa, wir senden Ihnen die angeforderten Muster gegen Berechnung zu.<\/p>\n<p><span style=\"color: #265065;\"><strong>Wie lange betr\u00e4gt die Lieferzeit?\u00a0<\/strong><\/span><br \/>\nInnerhalb von 3 Wochen, nach Klarstellung Ihres Auftrages. Innerhalb von 8 Tagen, wenn es einmal schnell gehen muss, als Blitzservice bei einem Aufpreis von 13,00 \u20ac.<\/p>\n<p><span style=\"color: #265065;\"><strong>K\u00f6nnen Firmenlogos aufgedruckt werden?\u00a0<\/strong><\/span><br \/>\nJa, senden Sie uns per Email die Vorlage von Ihrem Logo bzw. Ihrem Firmenschriftzug.<br \/>\nUm ein bestm\u00f6gliches Druckergebnis zu erzielen, ben\u00f6tigen wir von Ihnen eine reproduktionsf\u00e4hige Reinzeichnung bzw. einen kantenscharfen S\/W-Ausdruck.\u00a0 Briefkopf oder Visitenkarte eignen sich ebenfalls dazu. Ideal ist nat\u00fcrlich ein auf das Druckverfahren zugeschnittener Film.<\/p>\n<p>Fotokopien, Stempelabdrucke und Telefaxe sind nicht geeignet. Unsere Spezialisten beraten Sie nat\u00fcrlich gerne individuell. Rufen Sie uns unter unserer kostenlosen\u00a0<span style=\"color: #265065;\"><strong>Hotline: 08000 \/ 22 55 236<\/strong><\/span>\u00a0an, oder schreiben Sie uns eine\u00a0<a href=\"http:\/\/www.werbefreund24.de\/index.php?option=com_contact&amp;view=contact&amp;id=1&amp;Itemid=58\">Email<\/a>.<\/p>\n<p><span style=\"color: #265065;\"><strong>Sind ihre Artikel schadstoffgepr\u00fcft \/ umweltfreundlich?<\/strong><\/span><br \/>\nDie von uns gelieferten Artikel &#8211; insbesondere die Kunststoffe &#8211; sind schadstoffgepr\u00fcft. Alle Satz-, Gestaltungs- und Druckarbeiten werden in der hauseigenen Druckerei in Deutschland ausgef\u00fchrt. Die Pigmente unserer Druckfarben enthalten nach ihrer chemischen Struktur keine Schwermetalle nach DIN EN 71, Teil 3 und sind damit auch f\u00fcr Spielzeug geeignet.<\/p>\n<p><span style=\"color: #265065;\"><strong>Kann ich einen Korrekturabzug bekommen?\u00a0<\/strong><\/span><br \/>\nNat\u00fcrlich erhalten Sie kostenlos einen Korrekturabzug. Diesen erhalten Sie wenige Tage nach dem Bestelleingang.\u00a0<strong><br \/>\n<\/strong><\/p>\n<p><span style=\"color: #265065;\"><strong>Kann ich die hier angebotenen Artikel auch privat bestellen?<\/strong><\/span><br \/>\nDa wir unsere Produkte zu Nettopreisen, also zuz\u00fcglich der gesetzlichen MwSt. anbieten,\u00a0 sind wir vom Gesetzgeber verpflichtet zu \u00fcberpr\u00fcfen, ob es sich bei unseren Kunden um gewerbliche Abnehmer handelt.<\/p>\n<p><span style=\"color: #265065;\"><strong>Sie haben noch weitere Fragen?<\/strong><\/span><br \/>\nRufen Sie uns unter unserer kostenlosen\u00a0<span style=\"color: #265065;\"><strong>Hotline: 08000 \/ 22 55 236<\/strong><\/span>\u00a0an, oder schreiben Sie uns eine\u00a0<a href=\"https:\/\/www.werbefreund24.de\/index.php\/kontaktformular\/\">E-Mail<\/a>.<\/p>\n<hr \/>\n<p><span style=\"font-size: 12px;\">Wir liefern ausschlie\u00dflich auf Grundlage unserer Allgemeinen Gesch\u00e4ftsbedingungen, siehe <a href=\"https:\/\/www.werbefreund24.de\/index.php\/agbs\/\">https:\/\/www.werbefreund24.de\/index.php\/agbs\/<\/a>. Weitergehende Informationen zur Verarbeitung Ihrer Daten erhalten Sie unter <a href=\"https:\/\/www.werbefreund24.de\/index.php\/datenschutz\/\">https:\/\/www.werbefreund24.de\/index.php\/datenschutz\/<\/a>. Alle Preise verstehen sich zuz\u00fcglich Mehrwertsteuer. Drucknebenkosten f\u00fcr Werbeanbringung siehe Produktbeschreibung. Das Angebot ist nur bestimmt f\u00fcr Industrie, Handel, Gewerbe und vergleichbare Institutionen und richtet sich nicht an Verbraucher.<\/span><\/p>\n","protected":false},"excerpt":{"rendered":"<p>Wieso werden nicht alle Artikel Ihres Angebotes <a class=\"more-link\" href=\"https:\/\/www.werbefreund24.de\/index.php\/faqs\/\">weiterlesen&#8230;<\/a><\/p>\n","protected":false},"author":1,"featured_media":0,"parent":0,"menu_order":0,"comment_status":"closed","ping_status":"closed","template":"","meta":[],"yoast_head":"<!-- This site is optimized with the Yoast SEO plugin v20.2.1 - https:\/\/yoast.com\/wordpress\/plugins\/seo\/ -->\n<title>FAQ - Werbefreund24.de<\/title>\n<meta name=\"robots\" content=\"index, follow, max-snippet:-1, max-image-preview:large, max-video-preview:-1\" \/>\n<link rel=\"canonical\" href=\"https:\/\/www.werbefreund24.de\/index.php\/faqs\/\" \/>\n<meta property=\"og:locale\" content=\"de_DE\" \/>\n<meta property=\"og:type\" content=\"article\" \/>\n<meta property=\"og:title\" content=\"FAQ - Werbefreund24.de\" \/>\n<meta property=\"og:description\" content=\"Wieso werden nicht alle Artikel Ihres Angebotes weiterlesen...\" \/>\n<meta property=\"og:url\" content=\"https:\/\/www.werbefreund24.de\/index.php\/faqs\/\" \/>\n<meta property=\"og:site_name\" content=\"Werbefreund24.de\" \/>\n<meta property=\"article:modified_time\" content=\"2020-02-07T12:46:46+00:00\" \/>\n<meta name=\"twitter:card\" content=\"summary_large_image\" \/>\n<meta name=\"twitter:label1\" content=\"Gesch\u00e4tzte Lesezeit\" \/>\n\t<meta name=\"twitter:data1\" content=\"2\u00a0Minuten\" \/>\n<script type=\"application\/ld+json\" class=\"yoast-schema-graph\">{\"@context\":\"https:\/\/schema.org\",\"@graph\":[{\"@type\":\"WebPage\",\"@id\":\"https:\/\/www.werbefreund24.de\/index.php\/faqs\/\",\"url\":\"https:\/\/www.werbefreund24.de\/index.php\/faqs\/\",\"name\":\"FAQ - Werbefreund24.de\",\"isPartOf\":{\"@id\":\"https:\/\/www.werbefreund24.de\/#website\"},\"datePublished\":\"2018-02-08T23:24:25+00:00\",\"dateModified\":\"2020-02-07T12:46:46+00:00\",\"breadcrumb\":{\"@id\":\"https:\/\/www.werbefreund24.de\/index.php\/faqs\/#breadcrumb\"},\"inLanguage\":\"de\",\"potentialAction\":[{\"@type\":\"ReadAction\",\"target\":[\"https:\/\/www.werbefreund24.de\/index.php\/faqs\/\"]}]},{\"@type\":\"BreadcrumbList\",\"@id\":\"https:\/\/www.werbefreund24.de\/index.php\/faqs\/#breadcrumb\",\"itemListElement\":[{\"@type\":\"ListItem\",\"position\":1,\"name\":\"Startseite\",\"item\":\"https:\/\/www.werbefreund24.de\/\"},{\"@type\":\"ListItem\",\"position\":2,\"name\":\"FAQ\"}]},{\"@type\":\"WebSite\",\"@id\":\"https:\/\/www.werbefreund24.de\/#website\",\"url\":\"https:\/\/www.werbefreund24.de\/\",\"name\":\"Werbefreund24.de\",\"description\":\"\",\"publisher\":{\"@id\":\"https:\/\/www.werbefreund24.de\/#organization\"},\"potentialAction\":[{\"@type\":\"SearchAction\",\"target\":{\"@type\":\"EntryPoint\",\"urlTemplate\":\"https:\/\/www.werbefreund24.de\/?s={search_term_string}\"},\"query-input\":\"required name=search_term_string\"}],\"inLanguage\":\"de\"},{\"@type\":\"Organization\",\"@id\":\"https:\/\/www.werbefreund24.de\/#organization\",\"name\":\"Werbefreund24\",\"url\":\"https:\/\/www.werbefreund24.de\/\",\"logo\":{\"@type\":\"ImageObject\",\"inLanguage\":\"de\",\"@id\":\"https:\/\/www.werbefreund24.de\/#\/schema\/logo\/image\/\",\"url\":\"https:\/\/www.werbefreund24.de\/wp-content\/uploads\/2018\/05\/wf-klein.jpg\",\"contentUrl\":\"https:\/\/www.werbefreund24.de\/wp-content\/uploads\/2018\/05\/wf-klein.jpg\",\"width\":257,\"height\":41,\"caption\":\"Werbefreund24\"},\"image\":{\"@id\":\"https:\/\/www.werbefreund24.de\/#\/schema\/logo\/image\/\"}}]}<\/script>\n<!-- \/ Yoast SEO plugin. -->","yoast_head_json":{"title":"FAQ - Werbefreund24.de","robots":{"index":"index","follow":"follow","max-snippet":"max-snippet:-1","max-image-preview":"max-image-preview:large","max-video-preview":"max-video-preview:-1"},"canonical":"https:\/\/www.werbefreund24.de\/index.php\/faqs\/","og_locale":"de_DE","og_type":"article","og_title":"FAQ - Werbefreund24.de","og_description":"Wieso werden nicht alle Artikel Ihres Angebotes weiterlesen...","og_url":"https:\/\/www.werbefreund24.de\/index.php\/faqs\/","og_site_name":"Werbefreund24.de","article_modified_time":"2020-02-07T12:46:46+00:00","twitter_card":"summary_large_image","twitter_misc":{"Gesch\u00e4tzte Lesezeit":"2\u00a0Minuten"},"schema":{"@context":"https:\/\/schema.org","@graph":[{"@type":"WebPage","@id":"https:\/\/www.werbefreund24.de\/index.php\/faqs\/","url":"https:\/\/www.werbefreund24.de\/index.php\/faqs\/","name":"FAQ - Werbefreund24.de","isPartOf":{"@id":"https:\/\/www.werbefreund24.de\/#website"},"datePublished":"2018-02-08T23:24:25+00:00","dateModified":"2020-02-07T12:46:46+00:00","breadcrumb":{"@id":"https:\/\/www.werbefreund24.de\/index.php\/faqs\/#breadcrumb"},"inLanguage":"de","potentialAction":[{"@type":"ReadAction","target":["https:\/\/www.werbefreund24.de\/index.php\/faqs\/"]}]},{"@type":"BreadcrumbList","@id":"https:\/\/www.werbefreund24.de\/index.php\/faqs\/#breadcrumb","itemListElement":[{"@type":"ListItem","position":1,"name":"Startseite","item":"https:\/\/www.werbefreund24.de\/"},{"@type":"ListItem","position":2,"name":"FAQ"}]},{"@type":"WebSite","@id":"https:\/\/www.werbefreund24.de\/#website","url":"https:\/\/www.werbefreund24.de\/","name":"Werbefreund24.de","description":"","publisher":{"@id":"https:\/\/www.werbefreund24.de\/#organization"},"potentialAction":[{"@type":"SearchAction","target":{"@type":"EntryPoint","urlTemplate":"https:\/\/www.werbefreund24.de\/?s={search_term_string}"},"query-input":"required name=search_term_string"}],"inLanguage":"de"},{"@type":"Organization","@id":"https:\/\/www.werbefreund24.de\/#organization","name":"Werbefreund24","url":"https:\/\/www.werbefreund24.de\/","logo":{"@type":"ImageObject","inLanguage":"de","@id":"https:\/\/www.werbefreund24.de\/#\/schema\/logo\/image\/","url":"https:\/\/www.werbefreund24.de\/wp-content\/uploads\/2018\/05\/wf-klein.jpg","contentUrl":"https:\/\/www.werbefreund24.de\/wp-content\/uploads\/2018\/05\/wf-klein.jpg","width":257,"height":41,"caption":"Werbefreund24"},"image":{"@id":"https:\/\/www.werbefreund24.de\/#\/schema\/logo\/image\/"}}]}},"_links":{"self":[{"href":"https:\/\/www.werbefreund24.de\/index.php\/wp-json\/wp\/v2\/pages\/75"}],"collection":[{"href":"https:\/\/www.werbefreund24.de\/index.php\/wp-json\/wp\/v2\/pages"}],"about":[{"href":"https:\/\/www.werbefreund24.de\/index.php\/wp-json\/wp\/v2\/types\/page"}],"author":[{"embeddable":true,"href":"https:\/\/www.werbefreund24.de\/index.php\/wp-json\/wp\/v2\/users\/1"}],"replies":[{"embeddable":true,"href":"https:\/\/www.werbefreund24.de\/index.php\/wp-json\/wp\/v2\/comments?post=75"}],"version-history":[{"count":17,"href":"https:\/\/www.werbefreund24.de\/index.php\/wp-json\/wp\/v2\/pages\/75\/revisions"}],"predecessor-version":[{"id":1471,"href":"https:\/\/www.werbefreund24.de\/index.php\/wp-json\/wp\/v2\/pages\/75\/revisions\/1471"}],"wp:attachment":[{"href":"https:\/\/www.werbefreund24.de\/index.php\/wp-json\/wp\/v2\/media?parent=75"}],"curies":[{"name":"wp","href":"https:\/\/api.w.org\/{rel}","templated":true}]}}